6
Let q be (-5)/2*40/100. Let j(h) = -11*h + 1. Let t be ((-1)/(-2))/((-3)/(-18)). Let w(v) = -22*v + 2. Let g(f) = t*w(f) - 5*j(f). What is g(q)?
12
Let j(m) = -m**2 - 12*m - 13. Let l(c) = c**3 - 10*c**2 + 25*c - 38. Let w be l(7). Determine j(w).
7
Let n = -5 + 2. Let d(q) = -2*q**2 - 2*q - 2. Let m(o) = o**2. Suppose 12*j = 4*j - 16. Let i(s) = j*m(s) - 2*d(s). Determine i(n).
10
Suppose 93*n = 95*n - 16. Let j(w) = -26*w + 0 + 10*w - n + 15*w. Let k(r) = r**3 - 7*r**2 - 8*r - 6. Let b be k(8). Calculate j(b).
-2
Let i(r) = r**3 - 34*r**2 - 67*r - 174. Let a = -31995 - -32031. What is i(a)?
6
Let q(f) = 2*f**3 - 2*f**2 - 3. Suppose -7 = -3*p - 2*i, 18*p = 19*p - 3*i - 6. Calculate q(p).
33
Suppose 17*l - 5*l = 72. Let s be (-1)/(15/21)*-5. Suppose 0 = s*x + l*x + 52. Let r(p) = -p**3 - 4*p**2 - p - 3. Give r(x).
1
Let z(g) = g**3 + 16*g**2 - 17*g - 7. Let x = -84 + 86. Let s(m) = -2*m**3 + 9*m**2 - 21*m + 5. Let j be s(x). What is z(j)?
-7
Suppose -16*w - 7297 = 6047. Let o = w - -830. Let m(b) = b**2 - 3*b - 3. Let n(c) = 2*c**2 - 2*c - 3. Let a(q) = -3*m(q) + 2*n(q). Calculate a(o).
-1
Let p(m) = -2*m - 3. Suppose -185 = 5*g + 5*l - 5, 5*g = -l - 164. Let d = 8 + g. Let i be 14/(-3) - 16/d. What is p(i)?
5
Suppose 0 = o - 2*g - 5, -o - 22 = -3*o + g. Let t(p) = p**3 - 13*p**2 + p - 9. Let j be t(o). Let w(r) = 4 + 2 + j + r - 9. Determine w(2).
3
Let c(j) = 991 + 2*j - 337 - 330 - 340. Give c(5).
-6
Let o(s) = -3*s**3 - 32*s**2 - 17*s + 43. Let a(b) = 28*b**3 + 292*b**2 + 151*b - 386. Let k(z) = -2*a(z) - 19*o(z). Determine k(-23).
1
Suppose -4*d + 13 = -b + 2*b, 5*d + 2*b - 14 = 0. Let i be (3 + -7 - d/(-1))*1. Let t(y) = 694*y**2 + i*y + 2*y + 2 - 692*y**2. Calculate t(-3).
14
Let c(a) = -a**2 + 74*a - 1155. Let m be c(22). Let b(r) = -r - 8. Determine b(m).
3
Let q(g) be the second derivative of g**5/20 + 2*g**4/3 - 4*g**3/3 - 3*g**2/2 + 404*g. Calculate q(-9).
-12
Suppose 4*z - 22 = y - z, 3*z - 10 = -y. Let d be (-3 - 0)*(-17 + -1 + y). Let f = d + -62. Let h(n) = 3*n**3 + 2*n**2 - n + 1. Calculate h(f).
-13
Let z(w) = -w**2 + w + 5. Let o be z(0). Let i = 465 - 453. Let x(s) = i - 4*s + s**2 + 2 - s - 9. What is x(o)?
5
Let j(h) be the third derivative of -h**5/120 + h**4/4 + 30*h**3 - 4*h**2 - 9. Let q(w) be the first derivative of j(w). Calculate q(-5).
11
Suppose 0 = -2*b + 4*y + 24, -5*b + 26*y - 21*y + 35 = 0. Let u(m) be the first derivative of 3 - 12*m - 1/3*m**3 + 9/2*m**b. Calculate u(8).
-4
Let a(m) = m - 9*m - 80 - 9*m - 38 + 37. Give a(-7).
38
Let p(a) be the third derivative of a**6/120 - a**5/15 - a**4/24 - a**3/6 + 20*a**2 - 13*a. Suppose 0 = -4*h - 4*q + 2 - 10, -5*q = 2*h + 19. Give p(h).
-13
Let o(s) = -s**3 + 4*s**2 - 2*s + 1. Suppose -18*n = 29*n - 3055. Let k = n + -61. Determine o(k).
-7
Let a(r) be the second derivative of -r**5/20 - r**4/12 + 2*r**3/3 + 8*r + 3. Let t = 29 - -7. Let q be (-3)/(-4) - 135/t. Determine a(q).
6
Let z(x) = -x**3 + 2*x**2 + 5*x - 3. Let n(v) = 1325*v + 5303. Let k be n(-4). What is z(k)?
3
Let f(z) be the third derivative of -1/120*z**6 - 2*z**2 + 7/6*z**3 - 1/12*z**5 + 0 - 30*z + 0*z**4. Give f(-5).
7
Let k(j) = j**3 - 2*j**2 - 9*j - 7. Let o = 22295 - 22297. Calculate k(o).
-5
Let w(l) = -328*l**2 + 3*l + 37. Let j(y) = 179*y**2 - y - 19. Let i(t) = 11*j(t) + 6*w(t). What is i(-6)?
7
Suppose 2*n = 12*n - 990. Let q be n/21 + (-5 - (-111)/21). Let i(a) = -a**2 + 9*a - 14. Give i(q).
6
Suppose 0 = v + 3*f - 20, 3*v = -v - 2*f + 30. Suppose -20 = 4*p, -h = -2*h + v*p + 23. Let i(q) = -7*q - 2. What is i(h)?
12
Let o be 13/(208/(-40))*((-63)/(-15) - 7). Let w(r) = r**3 + r**3 + 2*r - 3*r**3 - 4 + 7*r**2. Give w(o).
10
Let n(v) = v**3 + 13*v**2 - 15*v - 14. Let k be n(-14). Suppose -5*b + j - 18 + 14 = k, 0 = -2*b + j - 1. Let p(y) = -2*y**2 + 4*y + 3. What is p(b)?
-3
Let v = 5810 + -5823. Let m(k) = 6*k + 19. Determine m(v).
-59
Let b(w) be the second derivative of -5*w**3/6 - w**2 - 3*w - 708. What is b(3)?
-17
Suppose 2*l + 4*a = -3*l - 387, l = 2*a - 69. Let n = -141 - l. Let t = 63 + n. Let w(m) = -3*m - 1. Determine w(t).
8
Let n(p) = -7*p - 50. Suppose 18 = -6*g - 47 + 17. Give n(g).
6
Suppose -107*i = -265 - 163. Let g(c) be the second derivative of -1/2*c**2 + 1/6*c**i + 0 - 1/5*c**5 + 0*c**3 + c. What is g(-1)?
5
Let x be ((-5)/(-3) - 1) + (-4)/6. Suppose x = 163*q - 169*q - 6. Let a(r) = -8*r**3 - 2*r**2 + 1. Determine a(q).
7
Let m(k) be the third derivative of -k**5/60 + k**4/3 - 2*k**3/3 + 14*k**2. Let n be m(7). Let a(p) = -8*p - n + 0*p - 4*p + 10*p. Calculate a(-3).
3
Let y = -8954 + 8973. Let f(j) = j**2 - 22*j - 25. Determine f(y).
-82
Suppose 5*y - 135*y = -2 + 2082. Let v(d) = 15*d - 12 + 2*d**3 + 4*d**2 - d**3 + 13*d**2. Give v(y).
4
Let w(h) = h + 34. Let f(q) = -5*q + 40. Let k(y) = 3*y - 39. Let p(z) = -2*f(z) - 3*k(z). Let o(x) = -5*p(x) + 6*w(x). Determine o(0).
19
Let s(p) = -p**2 - 67*p - 1111. Let i be s(-30). Let u(q) = 34*q**2 - q - 2. What is u(i)?
33
Let c(x) = -8 - 96*x + 91*x + 24*x. Determine c(-4).
-84
Let v = -1816 - -3633/2. Let s(p) be the first derivative of 12 - v*p**2 + 0*p. Determine s(2).
-2
Let r(c) be the third derivative of -112*c**2 + 1/2*c**3 + 0*c + 1/30*c**5 + 0 + 1/6*c**4. Suppose d + 5*w = 2*w - 6, 10 = -3*d - w. Give r(d).
9
Suppose 81 - 973 = -332*t + 768. Let k(y) = -y**2 + 2*y + 16. Calculate k(t).
1
Let z(c) = -c + 6. Let q be ((-34)/4)/(-3 + 68/24). Suppose -144 = -q*u + 3*u. What is z(u)?
3
Let k(w) = w**3 + 26*w**2 + 25*w + 2. Let u be k(-25). Let c(q) = 0*q**u - 3*q**2 + 2*q**2 + 3*q**2. Suppose 2*d + 2 = -0*d. Calculate c(d).
2
Let u(w) = -49*w + 24*w + 23*w - 2*w - 22. Let j = -241 + 234. Calculate u(j).
6
Suppose 17*u - 14*u - 24 = -5*r, 5*u + 5*r = 60. Let o(j) = j**3 - 19*j**2 + 23*j - 81. Give o(u).
9
Let v(f) be the third derivative of -f**5/60 + f**4/6 - 7*f**3/6 - f**2. Let d = 16847 + -16842. Calculate v(d).
-12
Let b(p) = p - 1. Let f(q) be the first derivative of -17 + 1/3*q**3 - 9/2*q**2 + 6*q. Let v(u) = -5*b(u) - f(u). Determine v(5).
-6
Let j(f) = f**3 + 3*f**2 - f - 4. Let i be j(-2). Let s(z) = 5 - 3*z + 4 - 5 + i - z**2 - 3. What is s(-4)?
-1
Let b(x) = x - 3. Let p(h) = 3*h - 10. Let a(c) = -7*b(c) + 2*p(c). Let q(v) = -25*v**2 + 51*v + 2. Let m = -515 + 517. Let d be q(m). Give a(d).
-3
Let n(y) = 271 + 281 + 267 - 1120 - 3*y + 279. Give n(-9).
5
Let j(x) = -5*x**2 + 78*x - 51. Let w = -24047 + 24062. Calculate j(w).
-6
Let g(o) = -8*o**2 - 877*o - 543. Let x be g(-109). Let k(p) be the first derivative of 0*p**2 - 1/4*p**4 - x*p**3 + 5 + p. Determine k(-6).
1
Let a(p) = 80*p - 28*p - 29*p + 4 - 22*p + 12. Determine a(-9).
7
Let y(o) = 36*o - 24. Suppose 92*i - 178*i = -126*i + 80. Calculate y(i).
48
Let y = -3173 - -3170. Let q(v) = 4*v**2 - 4*v - 6. Determine q(y).
42
Let p(q) = -22 + 19 + 0 + 12*q + 41. Let c be p(-3). Let k(f) = -3*f. Calculate k(c).
-6
Let t(o) be the first derivative of -5 - 3*o - 11/2*o**2 + 1/3*o**3. Let n be t(11). Let h(x) = -x**3 - 3*x**2 - 2*x + 1. Give h(n).
7
Let z(q) = 2*q - 6. Let x = 179 + -172. Suppose 0 = 5*w + 2*i - 35, -w - 8*i + x = -5*i. Determine z(w).
8
Let c(a) be the first derivative of -a**3/3 - 9*a**2 + 2*a - 697. Determine c(-18).
2
Let a(d) = 228*d + 228*d - 916*d + 216*d + 224*d. What is a(2)?
-40
Let g be ((-1)/3)/((-4)/(-12)). Let y(h) be the third derivative of 0*h**5 + 8*h**2 + 0*h**3 + 0 + 1/24*h**4 + 1/12*h**6 + 0*h. What is y(g)?
-11
Let d(q) = -q**2 - q + 1. Let i(x) = 17*x + 45. Let w(v) = 9*v + 23. Let p(r) = -6*i(r) + 11*w(r). Let u be p(-8). Suppose u*a - 17 + 38 = 0. What is d(a)?
-5
Let u(f) = 2*f**2 + 35*f**2 - 3*f + 3*f**2 - 3*f**2 - 5 + 2. Determine u(-1).
37
Let t be -11 + (-5)/15*(1 + (16 - -1)). Let b(w) = 3*w**2 + 54*w + 41. Determine b(t).
-10
Let r(u) = -u**3 - 2*u**2 - 3*u - 2. Let t = 187 + -301. Let k = t + 112. Calculate r(k).
4
Let z(g) be the third derivative of g**5/60 + 3*g**4/8 - 13*g**3/6 + 2*g**2 - 227. Determine z(7).
99
Let c(s) = 23 + 109 - 126 - 2*s**2 - 3*s. What is c(0)?
6
Let c(g) = -2*g + 6. Let x(w) be the first derivative of w**2 - 3*w + 10. Let z be x(4). Suppose 6 = z*o - 14. What is c(o)?
-2
Let i be (-37 - -36)/((-3)/9). Let t be (3 + 1)*(-1)/(-2). Let u(r) = -r**i - r + 2*r**t + 5 - r + r**2 + 2*r*